0*d - 12. Suppose -2*q - d = a + 4*a, 2*q = -2*a - 10. Let h(o) = o**2 + 7*o - 6. What is h(q)?
-6
Let f(d) be the third derivative of -d**8/6720 - d**7/630 - d**6/240 - d**5/30 + d**4/8 - 4*d**2. Let o(x) be the second derivative of f(x). Give o(-4).
8
Let q(k) be the first derivative of k**4 - 5*k**3 - 7*k**2/2 + 9*k - 10. Let s(i) = 2*i**3 - 8*i**2 - 4*i + 5. Let j(r) = 6*q(r) - 11*s(r). Calculate j(1).
1
Let s(i) be the first derivative of 3*i**3 - i**2 - i - 5. Determine s(-1).
10
Suppose -3*s + 25 = -8*s. Let a(j) = -j - 3. Calculate a(s).
2
Let g(z) = 9*z - 3. Let f be ((-1)/(-1))/((-2)/(-10)). Suppose 0 = -f*s + s - 12. Let j(k) = 10*k - 3. Let q(t) = s*g(t) + 2*j(t). Determine q(2).
-11
Let o(i) = -6*i + 34. Let g be o(6). Let r(j) = -j**3 + 2*j**2 + 2*j + 1. Calculate r(g).
13
Suppose 0*y = -y - 4. Let b(a) = 2*a - 5. Give b(y).
-13
Suppose -n + 15 = -4*n + 3*m, 2*m = 5*n + 37. Let t = -7 - n. Let j(i) = -6*i + 2. What is j(t)?
-10
Let p(z) be the first derivative of z**2 + 11*z - 1. Let q be p(-7). Let t(g) = -3*g**2 + 4 + g**3 + g**2 + 2*g + 5*g**2. Calculate t(q).
-2
Let v(z) = -z**3 + 6*z**2 - 7*z + 3. Let r be 46/10 + (-4)/(-10). What is v(r)?
-7
Let l(x) = x**2 + x - 11. Let p be l(6). Let t(v) = p*v - 22*v - 1 + 2. Determine t(-1).
-8
Let h(a) = a**2 + 1. Let y(l) = 2*l**2 + 2*l + 8. Let b(f) = -3*h(f) + y(f). Suppose d + 1 = -r, -7*d - 8 = 3*r - 3*d. Calculate b(r).
-3
Suppose -5*s + 1 + 6 = -2*d, 4*s = 5*d + 9. Let a(c) = 6*c. Give a(s).
6
Let s = 19 - 21. Let g = 23 + -9. Let q be s/(-4) - g/(-4). Let l(a) = a - 2. Give l(q).
2
Let s(g) = -g + 6. Let j be s(3). Let b(u) be the third derivative of u**6/120 - u**5/20 + u**4/24 + 2*u**3/3 + 6*u**2. What is b(j)?
7
Let q(f) = f**3 - 3*f**2 - 2*f - 5. Let i(l) = -l**3 + 7*l**2 - 6*l - 2. Let j be i(6). Let y be 1 + j + 5/1. What is q(y)?
3
Let w(z) = z**2 - 7*z - 13. Let y be w(9). Suppose -y*j + 5 = k, 3*j - j + k = -1. Let p(f) = 4*f**3 + f**j - 6*f**3 + 1 + f**3 + f + f**2. What is p(3)?
-5
Let f(u) = -u - 2. Let r = -9 - -1. Let i be (r/(-5))/((-1)/(-10)). Suppose 0 = -3*p - p + i. What is f(p)?
-6
Let x(u) = -486*u + 246*u - 2 + 244*u. Calculate x(-3).
-14
Let m(w) = -3*w**2 + 6*w + 3. Let q(y) = y**2. Let p(f) = -m(f) - 2*q(f). Suppose g - 5*g = -20. What is p(g)?
-8
Let k(l) = -3*l**2 + l + 4. Let y be k(2). Let j(n) = 2*n + 8. Determine j(y).
-4
Let s(w) be the second derivative of w**3/6 + 5*w**2/2 - 6*w. Determine s(-6).
-1
Let k be 18/4 + 1/2. Let v be 0*(0 + 1/2). Let z(d) = d**2 - 4 - 6*d + 0*d**2 + v*d**2 + 7. Calculate z(k).
-2
Let o(h) = -2*h + 4*h**3 - 3*h**3 + 1 + 3*h + 3*h**2. Let f be o(-2). Let x be -2*3/18*f. Let m(k) = 6*k**3 - k**2. Give m(x).
-7
Let b(w) = -3*w**2 - 7*w - 2. Let u(n) be the first derivative of n**3 + 4*n**2 + 2*n - 4. Let d(f) = -5*b(f) - 4*u(f). Let a be (2/5)/((-2)/10). What is d(a)?
8
Let m(w) = w**2 + 3*w - 4. Let j = -7 + 6. Let z = -5 - j. Determine m(z).
0
Let q(y) = y**3 + 4*y**2 - 2*y. Let r be (-1 - 1) + -1*3. What is q(r)?
-15
Let b(h) = 3*h**2 + 7*h + 3. Let r(z) = -7*z**2 - 15*z - 6. Suppose -3*i - 3 = -12. Suppose a = -1 + i. Let v(w) = a*r(w) + 5*b(w). Calculate v(-4).
-1
Let k(i) = -3*i + 4 + 2*i + 2*i. Let q(l) = 2*l**2 - l - 1. Let b be q(2). Suppose 2*r = j - 13 + b, -5*j + 22 = -r. Give k(r).
2
Let z(v) = v - 4. Let s be z(8). Suppose -2*d - 12 = -a, 6*d - 5*d + 5*a = 16. Let n be s/(-16) - (-15)/d. Let u(i) = i + 9. Give u(n).
5
Let x = 3 + 2. Let v(r) = -r**2 - 2*r + 3*r + 0*r - 1. Let b(w) = 4*w**2 - 4*w + 4. Let g(y) = x*v(y) + b(y). Give g(1).
-1
Suppose -5*m + 3 = 13. Let d be (6/(-4))/(1/m). Let n(c) be the first derivative of -c**4/4 + 2*c**3/3 + 2*c**2 - 3*c + 3. Calculate n(d).
0
Let d(c) = -2*c + 13. Let m(n) = 1. Let i(x) = -d(x) + 6*m(x). Suppose r - 4*t + 3 = 0, -3*r + 0 = -t - 13. Let y(q) = q. Let b be y(r). Determine i(b).
3
Let v be (-1 + 1)/(0 - -2). Suppose -2*p = 5*k + 27, 4*k = 2*p - p - 19. Let q be (v - p/(-1))/1. Let i(u) = -7*u. Determine i(q).
7
Let h be 5 + -14 - 1 - -5. Let k(s) be the second derivative of s**4/12 + s**3 - 3*s**2 + s. What is k(h)?
-11
Let r = 23 + -16. Let p = 2 - r. Let y(n) = -2*n - 4. What is y(p)?
6
Let i(g) be the first derivative of g**5/30 - g**4/24 - g**3 + 6. Let c(z) be the third derivative of i(z). Determine c(2).
7
Let d = 3 - 1. Let r(s) = -s**3 - 2 + 3*s**2 + 4*s - 5*s**d + 0*s**2. Determine r(2).
-10
Let i(o) = 2*o + 1 - 3*o**2 - 12*o - 3 + 4*o**2. Calculate i(9).
-11
Let s(i) be the third derivative of -i**5/60 - i**4/24 + 5*i**3/6 - 5*i**2. Let n(o) be the first derivative of s(o). Calculate n(2).
-5
Let g(z) be the third derivative of -z**7/2520 - z**6/144 + z**5/60 - z**4/24 + 6*z**2. Let j(q) be the second derivative of g(q). What is j(-4)?
6
Suppose b + 2 = -2*w - 1, -5*w = 3*b + 10. Let o(n) = n**3 + 4*n**2 - 6*n + 4. Give o(b).
9
Suppose 3*x + 3*o + 15 = 6, -2*o = x + 6. Let z(i) be the third derivative of 0 - 2*i**2 - 1/12*i**4 + x*i - 1/2*i**3. Calculate z(-3).
3
Let a(n) = -4*n**2 - 7*n - 4. Let x(u) = -21*u**2 - 35*u - 19. Let z(i) = 11*a(i) - 2*x(i). Let l = -2 - 2. Give z(l).
-10
Let f(p) = -4*p + 3 + 3*p + 2. Let v = 4 + 0. Determine f(v).
1
Suppose -3*c - 35 = 2*c + 5*a, -4*c - 37 = a. Let g(z) = -z**3 - 10*z**2 + z + 4. Give g(c).
-6
Suppose -5*n + 5*y - 16 = -2*n, -5*n - 4*y - 2 = 0. Let o(a) = -a**3 - a**2 + 2. Determine o(n).
6
Let h(z) = 4*z**3 - 5*z - 4. Let t(k) = k**3 - k - 1. Let g(a) = h(a) - 3*t(a). What is g(-1)?
0
Suppose -9 = 2*x - 11. Let m(c) = 8*c + 1. Determine m(x).
9
Let w(s) be the second derivative of -3*s**5/20 - s**3/3 - s**2/2 + 2*s. Suppose 6*a = 2*a + o - 9, 4*o - 19 = -a. Give w(a).
4
Let l = 18 - 36. Let s be 2/(-3)*l/4. Let m(c) = c**2 - s - 2*c**2 - 5*c + 0. Determine m(-3).
3
Let l = 38 - 40. Let s(r) = 2*r**2 - r + 1. Determine s(l).
11
Let r(i) = -8*i - 1. Let k = 10 + -11. Determine r(k).
7
Let o(u) = u + 18. Let s be o(-8). Let a = s - 15. Let d(r) = -r + 5. Calculate d(a).
10
Let w(p) be the second derivative of -p**4/6 - 7*p**3/6 - 3*p**2 + p. Let o be ((-24)/15)/((-6)/10 + 1). Give w(o).
-10
Suppose 5*l - 208 = 42. Let k be 4*(l/(-8))/5. Let t(o) = -o**3 - o**2. Let h(r) = 6*r**3 + 11*r**2 + 5*r - 2. Let c(f) = h(f) + 5*t(f). Determine c(k).
-2
Let o(l) = -4 - 3*l - 2 + 1. Suppose 124 = -7*y + 96. Give o(y).
7
Let x(k) = -k**2 + k - 3. Let v be 40/(-25)*(-5)/(-2). Give x(v).
-23
Suppose 5*p = p + 16. Let d(z) = z**2 + 7*z - 5. Let t be d(-8). Let x(a) = -1 - t*a + a + 0 + a. What is x(p)?
-5
Let r(x) = 7*x**3 + 2*x**2 - x - 1. Let i be r(1). Let d(l) = l**3 - 7*l**2 - l + 10. Determine d(i).
3
Let r(x) = 9*x**3 + x**2 + x + 1. Suppose -2 = 15*o + 13. Give r(o).
-8
Let r(g) be the third derivative of -g**5/60 + g**4/24 - 17*g**3/6 - 4*g**2. Calculate r(0).
-17
Let x(s) be the third derivative of -s**5/60 + s**4/3 + s**3/3 - s**2. Let b be x(8). Let i(c) = -2*c + 2. What is i(b)?
-2
Let c(w) be the third derivative of -w**4/24 + w**3/3 - 2*w**2. Determine c(-6).
8
Let p be (-14*(-3 + 1))/2. Suppose f = -6*f + p. Let c(g) be the second derivative of -g**4/6 + g**3/3 - 3*g**2/2 + g. Calculate c(f).
-7
Let o be (8/(-20))/(1/(-40)). Suppose -3 + o = 4*y - h, 0 = -2*y - 2*h - 6. Let a(w) = -3*w + y*w + 2*w + 5 + w**2. Give a(0).
5
Let v = -2 + 4. Let g be 3*(30/9)/v. Let m(y) = -3*y + 2 - 4*y + 0*y + g*y. Give m(-3).
8
Let r be -2 - (-154)/(-28)*(-4)/2. Let l(y) = y - 8. Determine l(r).
1
Let w(m) = -m**2 - 8*m + 4. Let z be 188/(-20) + 2/5. What is w(z)?
-5
Let z(g) = g - 1. Let r be 3/12 - (-22)/8. Suppose -20 = r*m - 8*m. Let w be z(m). Let t(x) = -x + 3. Give t(w).
0
Suppose 0 = -3*k + 2*k. Let m(c) = c**2 - 3 - c - c**2 - c**2 + 1. What is m(k)?
-2
Suppose s - j + 13 = -5*j, 2*j + 8 = 0. Let f = 22 - 13. Let q(i) = i**2 + 8*i - f*i - 2 + 0. Determine q(s).
4
Let b(l) = l**3 - 9*l + 8*l - 2*l**2 + 1 + l**2. Give b(1).
0
Let h be (29 - 2)*(-4)/(-12). Let m(y) = -5 - 3*y + 4*y - h. Give m(6).
-8
Let p = -10 + 13. Let k(y) = -y**2 + 3*y - 3. What is k(p)?
-3
Suppose 3 = -t + g + 7, 0 = -3*t + 2*g + 14. Let b be ((-2)/t)/(6/(-18)). Let k(i) = -i - 2*i + 2*i. Determine k(b).
-1
Let y(q) = 5*q - 2*q - 1 + 3*q + 0*q - 4*q**2. Let d(i) = -i - i**2 + 1 + 0*i**2 + 2*i. Let n(s) = 2*d(s) - y(s). Calculate n(2).
